- 2. Let d be h(4). Suppose 1733 - 358 = d*x. List the prime factors of x.
5
Let z(a) = -18 + 20 - 163*a**3 + 4*a - 243*a**3. What are the prime factors of z(-1)?
2, 101
Let y(q) = 7*q - 22. Let x be y(8). Let d = x + -52. What are the prime factors of (d/36)/((-1)/284)?
2, 71
Let f(z) = -z**2. Let p(t) = -t**2 + 15*t - 29. Let m(r) = -4*f(r) - p(r). Suppose 0 = 5*a + s - 41, 4*a - 37 = 47*s - 52*s. What are the prime factors of m(a)?
229
Let c = 290 - 288. Suppose c*p = 3*d + 1106, 547 + 2218 = 5*p - 5*d. List the prime factors of p.
7, 79
Let u(f) be the second derivative of f**4/12 - 13*f**3/3 + 129*f**2/2 + 84*f. List the prime factors of u(29).
2, 3
Suppose 2*l - 5*p - 2421 = 0, 510*l - 511*l - 2*p + 1206 = 0. What are the prime factors of l?
2, 151
What are the prime factors of 29620/8 + (-31)/(-62)?
7, 23
What are the prime factors of 1/1*12877 - 1*-4?
11, 1171
Let d = 1231 - -1280. What are the prime factors of d?
3, 31
Let a be -2 + (2 - -1*(-96)/(-4)). Suppose -a + 60 = 3*m. Let p(l) = 11*l. List the prime factors of p(m).
2, 3, 11
Let p be (-23)/2 - 125/(-50). Let z(s) = -s**3 - s**2 - 13*s + 27. What are the prime factors of z(p)?
2, 3, 11
Suppose 9*a + 6226 = 116863. List the prime factors of a.
19, 647
Let t = -83 - -87. Suppose -2*k - k = t*l - 499, 5*k - 837 = -4*l. Suppose -2*c + c = -k. List the prime factors of c.
13
Let l(t) = -778*t - 396. List the prime factors of l(-16).
2, 23, 131
Let x = 25193 + -9190. List the prime factors of x.
13, 1231
Let n(o) = 12*o + 2. Let m be n(2). Suppose 41 = -5*v + 2*d - m, d = -3*v - 38. List the prime factors of (8/2 + v)*(-88)/6.
2, 3, 11
Let i(n) = -73*n + 9 + 83*n + 129*n. Let x be i(3). Suppose 0 = 3*u - 9*u + x. List the prime factors of u.
71
Suppose 4 = -2*o + 10. Suppose -5*p = 2*u - 345 - 784, 2297 = 4*u - o*p. Let j = u - 407. List the prime factors of j.
3, 5, 11
Suppose 74 = -2*r - 2*d, 35 = -r + 2*d - d. What are the prime factors of 2405/20 - 27/r?
11
Suppose 0 = 357*m - 341*m - 19504. List the prime factors of m.
23, 53
Let l = -235 - -239. List the prime factors of 1*l + 918/(-6 + 8).
463
Suppose 3*u + 4*n = -120, 2*n + 66 = -4*u - 94. Let q = 16 - 34. Let i = q - u. What are the prime factors of i?
2, 11
Suppose -u = -2, 2*o - 2 - 4 = -u. Suppose 0 = o*c + 1072 - 1544. List the prime factors of c.
2, 59
Let n be ((-15)/(-45))/((-1)/274)*3. Let k = n + 905. What are the prime factors of k?
631
Let h be 6/(-8)*-8*2*13. Suppose 7*t = h + 152. Let p = t + 52. List the prime factors of p.
2, 3
Suppose 2*k + 4*f = 2*f + 222, 5*f = 10. Suppose k = -2*j + 287. Let l = 31 + j. List the prime factors of l.
2, 3, 5
Let s = 210 - 210. Suppose -4*c + 296 - 44 = s. What are the prime factors of c?
3, 7
Let k = -167 + 166. Let z(o) = 325*o**2 - o - 1. List the prime factors of z(k).
5, 13
Let a(z) = z**3 + 7*z**2 - 4*z - 17. Suppose 30 = 11*p - 14. Suppose 0 = -p*w - 28. What are the prime factors of a(w)?
11
Suppose -2*u + 15 = -5*l, -5*u + 17*l - 12*l + 15 = 0. Suppose 0 = w - 3*h - 605, -w = -u*w - 5*h - 601. What are the prime factors of w?
13, 47
Let d(s) = -s**3 - 166*s**2 - 677*s + 460. What are the prime factors of d(-163)?
2, 3
Let m(p) be the first derivative of p**3/3 - 3*p**2/2 + 5*p + 8. Let j be m(2). Suppose 4*v = -j*q + 479, -q - 2 = -3*q. List the prime factors of v.
7, 17
Let k(t) = 45*t**2 - 30*t - 5. Let z be k(-5). Suppose z = 26*q - 21*q. List the prime factors of q.
2, 127
Let l(r) = 6*r + 12. Let t be l(-2). Suppose t = 4*g + x - 1205, g + 48 = 3*x + 333. List the prime factors of ((-4)/(-5))/(4 - 1196/g).
2, 3, 5
Let k = -45961 - -66802. List the prime factors of k.
3, 6947
Let t(r) = r**3 + 5*r**2 + 7*r + 7. Let g be t(-4). Let d be -3 + 0 + g/10*6. List the prime factors of 8 + -2 + 6 - d/(-2).
3
Suppose -56*g + 60*g = 10356. List the prime factors of g.
3, 863
Let j(x) = -2*x**3 - 16*x**2 - x + 1. Let s be j(-8). Suppose s*h - h = 184. List the prime factors of h.
23
Let m(a) = a**3 + 7*a**2 + 3*a + 14. Suppose -175 = t - 161. Let v be (t + 4)*(1 + 3/(-6)). List the prime factors of m(v).
7
Let j(f) = -84*f + 19. Let x be j(-5). Suppose -x = -9*k + 191. Let m = k - 33. What are the prime factors of m?
37
Let h(l) = -l**3 + l**2 + l + 112. Let u(k) = -2*k + 14. Let r be u(-8). Suppose -r = -w - 30. List the prime factors of h(w).
2, 7
Let r be ((-5)/((-25)/(-20)))/2. Let f be (1 + -3 + 2)/r. Suppose f = 5*z + m - 2*m - 116, -z - 2*m = -21. What are the prime factors of z?
23
Let z(b) = b**3 + 4*b**2 - 5*b + 6. Let c be z(-5). What are the prime factors of 1*(c - 11)*-61?
5, 61
Let n(q) = 2 + 2*q**2 + 2 + 3*q - 3*q**2. Let s be n(4). List the prime factors of 2/4 - ((-406)/4 + s).
2, 3, 17
Let y be -1*(-2)/4*(1 + -1). Suppose -13*q + 77 - 12 = y. Let j(z) = 7*z**2 - 2*z + 18. What are the prime factors of j(q)?
3, 61
Let p be 6/(-15)*(-17220)/24. Suppose -5*x = 17 - p. What are the prime factors of x?
2, 3
Let f(q) = 2*q**2 - 3*q - 3. Let s be f(-3). Let r = -270 + 324. Let o = r - s. What are the prime factors of o?
2, 3, 5
Let w be (-2)/(4 + (-10)/3). What are the prime factors of ((-4)/(-12) - w)/(2/102)?
2, 5, 17
Let w = 39 + -11. Let s = w - -91. Let z = s + -71. List the prime factors of z.
2, 3
Let t be 12/(-4 - -1) + 18. Suppose t*p = 18*p - 912. What are the prime factors of p - 16/(-9 + 5)?
2, 29
Let t(k) = -2*k**2 - 27*k + 15. Let o be t(-14). List the prime factors of (0 - o) + 2 - (-2 - 235).
2, 7, 17
Let d(z) = -4 - 9 - 9*z**2 + 22*z + z**3 + 4 - 11*z**2. Let m be d(19). Suppose -27*a + 25*a = -m. What are the prime factors of a?
2, 3
Let k = 245 - 88. Let q = k + -24. What are the prime factors of q?
7, 19
Let j(y) = -24*y - 162. Let b be j(-9). Suppose 4*m + 4*f = 5220, 4*m - b*f - 5175 = -49*f. What are the prime factors of m?
2, 5, 13
Suppose 0*n - 5*n = 0. Suppose 0*x - 2*o = -x + 5, n = -4*x + 3*o + 20. Suppose 3*h - w = w + 219, 0 = x*h + 2*w - 365. What are the prime factors of h?
73
Let x = -166 - -249. Suppose x*k = 82*k + 296. Suppose -2*m - 2 + k = 0. List the prime factors of m.
3, 7
Let z = -3743 + 10120. List the prime factors of z.
7, 911
Suppose -7*s + 834 = 820. Suppose 25*q - 3 = 26*q, s*q = -t + 531. List the prime factors of t.
3, 179
What are the prime factors of 57/38 - (-907)/2?
5, 7, 13
Suppose -g + 42263 = 5*x - 4658, 0 = 2*x + 16. List the prime factors of g.
151, 311
Let m = -52 - -55. Suppose -5*o - f + 230 = 0, -m*o = f - 3*f - 151. What are the prime factors of o?
47
Let s = -729 + 736. Suppose -5*j + 980 = w, 0 = -6*w + s*w - j - 950. What are the prime factors of w?
5, 191
Suppose 10*a - a - 144 = 0. Suppose -a = -4*q, 5*h - 2406 = 2*q - 919. List the prime factors of h.
13, 23
Let a = -52 + 28. Let l be 53/3 - 2 - (-16)/a. List the prime factors of (-2)/l - 3685/(-75).
7
List the prime factors of -7 - ((2259664/24)/11)/(6/(-45)).
2, 3, 1783
Let u = 472 + -212. Let i = u - -117. List the prime factors of i.
13, 29
Suppose -2*r + 96 = -2*w - 18, 261 = 5*r + 3*w. Let s = r - 1. Suppose -72 = -x + s. What are the prime factors of x?
5
List the prime factors of 7 + 316/(-44) - (-1854468)/121.
2, 79, 97
Suppose -123*s + 127*s + 45336 = 2*w, 2*w - s = 45330. List the prime factors of w.
2, 2833
Let l = 89 - 85. Suppose 103 = l*c - 113. Let t = 150 - c. List the prime factors of t.
2, 3
Let q = 25708 - 1682. List the prime factors of q.
2, 41, 293
Let j = -200 - -321. Let o = -29 + j. List the prime factors of o.
2, 23
Suppose -4*a = -205 - 171. Suppose -4*z - 390 = z + 2*x, x + 235 = -3*z. Let l = z + a. List the prime factors of l.
2, 7
Let d be 0 - (-1)/((-7)/(-224)). What are the prime factors of 640 + (-8)/6 + d/24?
2, 5
Let i = 56536 - 34031. List the prime factors of i.
5, 7, 643
Let m(r) be the third derivative of r**4/12 - 4*r**3/3 + 9*r**2. Let q be m(5). Suppose q*d - d + 37 = 5*w, 0 = 5*w + 2*d - 31. What are the prime factors of w?
7
Suppose -139*a + 150*a = -19635. Let u = -1035 - a. List the prime factors of u.
2, 3, 5
Suppose -142*b = -136*b - 5880. Suppose 9244 = 6*a - b. What are the prime factors of a?
2, 3, 71
Let c = -238 + -2048. Let l = 3937 + c. List the prime factors of l.
13, 127
Let d = 29 - 40. Let b(p) = -19*p**2 + p + 18. Let k be b(d). What are the prime factors of k/(-21) - (-3)/(-21)